 -80. What is the greatest common divisor of g and 425?
25
Suppose 5*m = 3*m + 14. Suppose -d - 2*k + 16 = 0, -11*k + m*k - 112 = -4*d. Calculate the greatest common divisor of d and 192.
24
Let h(m) = m**2 + 303*m + 6800. Let l be h(-24). Calculate the highest common divisor of 206 and l.
2
Let x = 226 + -72. Let v = -117 + x. What is the highest common divisor of 37 and v?
37
Suppose 26*g - 25*g + 5 = 0. Let o be ((g - -4)/1)/(3/(-9)). Calculate the greatest common divisor of o and 2.
1
Let j(d) = -d**3 - 24*d**2 - 105*d + 143. Let y be j(-7). Calculate the highest common factor of 2445 and y.
15
Suppose -3*b + 2063 = b - 9501. Calculate the highest common divisor of 59 and b.
59
Suppose -5 = -5*q, 0 = -4*i - 14*q + 11*q + 127. Suppose -35*c = -i*c - 32. Suppose -k = 1, k + 90 = 3*g + 17. Calculate the highest common divisor of c and g.
8
Let k be -6 + (-640)/36 - (-2)/(-9). Let l be 160/k + 7 + 3264/9. Calculate the highest common divisor of 33 and l.
33
Suppose 0 = 16*o - 481 + 266 - 5033. Let l = 5 + 3. What is the greatest common factor of l and o?
8
Suppose 5*o - 8 = o. Suppose 22 + 0 = o*j. Suppose 246*q = 229*q + 1309. What is the highest common factor of j and q?
11
Let p(s) = 4*s + 56. Let n be p(-14). Suppose 0 = -3*q - l + 449, 4*q + 5*l - 51 - 566 = n. What is the highest common divisor of 37 and q?
37
Suppose 96 = -63*s + 75*s. Let k(l) = -l**3 - l**2 - l. Let n be k(-2). Let h be (-1 - (-70)/n)*3. Calculate the highest common factor of s and h.
8
Suppose -102 = 3180*m - 3181*m. What is the greatest common divisor of m and 66?
6
Let j be 265/(-30)*1*21*(-192)/14. Calculate the highest common factor of 3286 and j.
106
Suppose -q = 2*t - 104, -4*q = -7*q + 2*t + 328. Suppose -17*a + 62 = -q. Calculate the highest common divisor of a and 430.
10
Let f(t) = t**2 + 9*t + 12. Let a be f(-8). Let w(u) = 5*u - 8. Let q be w(5). Suppose -2*g = -81 + q. Calculate the greatest common divisor of a and g.
4
Suppose -2*m + 86 = -42. Suppose 2*n + 112 = 3*t + 3*n, -2*n - m = -2*t. Let p = t - 28. Calculate the greatest common divisor of 8 and p.
8
Let r = 12853 - 8472. What is the greatest common factor of 26 and r?
13
Let x = -1895 + 3431. What is the highest common divisor of 288 and x?
96
Let z(b) = b**2 + 4*b - 1. Let o(i) = 3*i - 75. Let s be o(23). Let u be z(s). Calculate the greatest common divisor of 33 and u.
11
Suppose -230*k = -21*k - 5016. Let g(x) = -x**3 + 6*x**2 - 2*x + 9. Let r be g(6). Let s be 2/r - (-20)/3. What is the greatest common factor of k and s?
6
Suppose 41*u - 20 = 43*u. Let j be (1088/40)/(u/(-150)). Let o(l) = -10*l + 1. Let m be o(-5). What is the highest common divisor of m and j?
51
Let q = 173 + -29. Let h = -11756 + 11801. What is the greatest common divisor of q and h?
9
Let c = 28 - 15. Let u(k) = 10*k + 173. Let n be u(-16). What is the highest common factor of n and c?
13
Suppose -190*n + 172864 = 148*n - 46498. Calculate the highest common factor of 3953 and n.
59
Let f(p) = -3*p**2 - 285*p + 186. Let b be f(-95). What is the greatest common divisor of b and 1426?
62
Suppose 1260 = -117*c + 131*c. Calculate the highest common factor of c and 1035.
45
Let f(s) = 21*s - 84. Let k be f(10). Suppose -k = -2*w + 248. What is the greatest common factor of 22 and w?
11
Let h = 184 - 182. Suppose -8*f + 13*f = 140. Suppose -2 = -3*b + f. Calculate the greatest common factor of h and b.
2
Suppose 15260*o = 15241*o + 266. Calculate the highest common divisor of 1988 and o.
14
Let n(p) = -p**3 - 13*p**2 - 18*p - 73. Let s be n(-13). What is the highest common divisor of 2044 and s?
7
Suppose 6*z = 2*z + 4. Let q be (-4)/7 + (-306)/(-21) + -6. Calculate the highest common factor of z and q.
1
Let x(f) = -2*f + 26. Let j be 7/(-14) + (-133)/(-2). Suppose 2*h - j = -4*h. Let z be x(h). Calculate the greatest common factor of z and 32.
4
Let u = -59 + 62. Let l be 24/3*u*(-5)/(-15). Calculate the highest common divisor of l and 256.
8
Let q(i) = 2*i**2 - 22*i - 9. Let x be q(17). Let r be 145/13 + (-30)/x. What is the highest common divisor of 143 and r?
11
Suppose 150 = -3*o - 0*o. Let j = 48 + o. Let d be (624/64)/(j/(-8)). What is the highest common divisor of 78 and d?
39
Suppose -16*c + 24*c = 40. Suppose l = -a + 184, 0 = -c*a + l + 628 + 292. Calculate the greatest common divisor of 16 and a.
8
Suppose -24 = q + q. Let d = 40 + q. Let w = 213 + -73. What is the highest common divisor of d and w?
28
Let n = 2657 + -2652. Calculate the greatest common divisor of 2215 and n.
5
Let i = 0 + 15. Let w be (-133)/(-42) + (-6)/36. Suppose w*s - 17*s + 2310 = 0. Calculate the highest common divisor of i and s.
15
Suppose -7*o + 25*o + 38*o - 4256 = 0. What is the greatest common divisor of 4997 and o?
19
Let d = 612 - 206. Let s = -306 + d. Let c be 41/2 + 1/(-2). What is the greatest common factor of c and s?
20
Let h(p) = 3*p**3 + 68*p**2 - 104*p + 64. Let v be h(-24). Calculate the greatest common factor of v and 2848.
32
Suppose 5*w = x - 555, -4*x - 2*w + 2335 = w. Suppose x = 2*i + b + 62, -5*i + 1290 = 5*b. Calculate the highest common divisor of i and 20.
20
Suppose -b + 2*b - 575 = -2*t, b + 5 = 0. Suppose -14*s + t = -4*s. Calculate the highest common factor of s and 1.
1
Let f(i) = -i**3 - 6*i**2 - 2*i - 4. Let a be f(-6). Suppose g + 6 = -14. Let h = a - g. Calculate the highest common factor of 8 and h.
4
Suppose -2*k + 24 = 4*z - 12, -3*z + 2 = -k. Let p(q) = -3 - 8 + 19 + 0 + 34*q. Let m be p(3). What is the highest common divisor of m and k?
10
Suppose -3*y = 4*p - 41, -104*p = -108*p + 4*y + 20. Suppose 0 = -4*j + 3*j + 2. What is the greatest common factor of j and p?
2
Let x be (4*-8)/(2 - 3). Suppose 33*w - 36*w + 210 = 0. Suppose -t + 13 = -3*d, -5*d + w - 17 = 3*t. What is the greatest common factor of t and x?
16
Suppose 19*m = 27*m - 176. Calculate the highest common factor of m and 12386.
22
Let i be (3 + 18/(-5))/(6/(-60)). Let w be 1082/i - 9/(3 - -24). Calculate the highest common divisor of w and 420.
60
Suppose -6711*q + 1554 = -6700*q - 2879. Calculate the greatest common factor of 104 and q.
13
Let a(r) = 2*r**2 + 4*r - 5. Let q be a(-5). Suppose -10*u + q = -5. What is the greatest common factor of 27 and u?
3
Let r(a) = -a**2 - 103*a - 1682. Let q be r(-81). Calculate the greatest common divisor of q and 316.
4
Let o(v) = 53*v**3 - v**2 - 5*v + 7. Let c be o(1). What is the greatest common factor of c and 6?
6
Let m = -1902 - -2172. Calculate the greatest common divisor of m and 70.
10
Let s(t) = t**2 + 5*t + 187. Let q be s(0). What is the greatest common divisor of q and 51?
17
Suppose 0 = 4*m + 3*t - 6*t - 49, -t - 3 = 0. Suppose m*k = -0 + 10. Let h = 5 - -2. What is the highest common factor of h and k?
1
Let k = 9 + -5. Suppose h = -4, -3*n - n = -k*h - 40. Suppose 2*j - 4*j = t - 100, -2*j = -4*t - 80. Calculate the greatest common factor of j and n.
6
Let c be (692/(-35) - (-144)/252)/(3/(-130)). What is the highest common divisor of 1144 and c?
104
Let g(u) = u**2 + 18*u + 54. Let n be g(-4). Let i be (0 + n - 144/(-27))*12. What is the highest common factor of 220 and i?
20
Suppose -2*w - 4 = -4*w. Suppose w*x + 22 = 122. Calculate the greatest common factor of x and 20.
10
Let d = -45 - -48. Suppose -162 = -d*z + z. Suppose -u = 2*f - 161, -f + 2*u + z = 3*u. What is the highest common divisor of f and 32?
16
Suppose -2*z + 124 = -452. Suppose z = -0*k + 4*k. Calculate the highest common divisor of 36 and k.
36
Let a be (-1680)/(-35) + -5*1. Let c be a/9 + -5 - 256/(-18). Calculate the highest common factor of 42 and c.
14
Suppose -33 = 2*n + 121. Let j be (-8)/20 + n/(-5). What is the greatest common factor of 150 and j?
15
Suppose -1088 = -4*m + 37*x - 34*x, 0 = -4*m + 5*x + 1096. Let k = m + -254. Let r be 1/(3/10)*9. What is the highest common divisor of r and k?
15
Let s(t) = 8*t**2 + t - 3. Let b be s(-5). Suppose -c = -5*c + b. Let i = -2444 + 2564. What is the greatest common divisor of c and i?
24
Suppose -3*m + 11 + 1 = 0. Let w be 30/m*(3 + -1). Suppose 3*l + 7*r - 6*r - 499 = 0, -2*r = 3*l - 503. What is the greatest common factor of w and l?
15
Suppose 8*u - 15*u - 5*u + 924 = 0. What is the highest common divisor of 3157 and u?
77
Suppose -3354*b = 2*u - 33